{"id":23,"date":"2026-01-06T12:43:17","date_gmt":"2026-01-06T11:43:17","guid":{"rendered":"https:\/\/tuzrob.hu\/?page_id=23"},"modified":"2026-01-06T13:49:47","modified_gmt":"2026-01-06T12:49:47","slug":"kezdolap","status":"publish","type":"page","link":"https:\/\/tuzrob.hu\/","title":{"rendered":"Kezd\u0151lap"},"content":{"rendered":"\n<p><strong>\u00dcdv\u00f6z\u00f6lj\u00fck a honlapunkon!<\/strong><\/p>\n\n\n\n<p>C\u00e9g\u00fcnk a t\u0171z- \u00e9s munkav\u00e9delem ter\u00fclet\u00e9n ny\u00fajt \u00e1tfog\u00f3, szak\u00e9rt\u0151i szolg\u00e1ltat\u00e1sokat, hogy v\u00e1llalkoz\u00e1sa mindig a legmagasabb szint\u0171 biztons\u00e1gi \u00e9s jogszab\u00e1lyi k\u00f6vetelm\u00e9nyeknek megfelel\u0151en m\u0171k\u00f6dj\u00f6n. A t\u0171zv\u00e9delem \u00e9s munkav\u00e9delem alapvet\u0151 fontoss\u00e1g\u00fa minden munkahelyen, hiszen a megfelel\u0151 int\u00e9zked\u00e9sek biztos\u00edtj\u00e1k a dolgoz\u00f3k v\u00e9delm\u00e9t \u00e9s a munkahelyi balesetek, t\u00fczek megel\u0151z\u00e9s\u00e9t.<\/p>\n\n\n\n<p>T\u0171zolt\u00f3k\u00e9nt h\u00fasz\u00e9ves szakmai tapasztalattal \u00e9s munkav\u00e9delmi technikus v\u00e9gzetts\u00e9ggel rendelkezem, \u00edgy c\u00e9g\u00fcnk minden szempontb\u00f3l biztos\u00edtja a legmagasabb szint\u0171 szak\u00e9rtelmet. Egy\u00e9ni v\u00e1llalkoz\u00f3k\u00e9nt dolgozva, valamint bels\u0151 szakembereink \u00e9s k\u00fcls\u0151 partnereink tud\u00e1s\u00e1nak egyes\u00edt\u00e9s\u00e9vel egy olyan er\u0151s csapatot alkotunk, amely \u00e1tfog\u00f3 megold\u00e1sokat k\u00edn\u00e1l a t\u0171z- \u00e9s munkav\u00e9delmi feladatok teljes k\u00f6r\u0171 kezel\u00e9s\u00e9re.<\/p>\n\n\n\n<p>Folyamatosan figyelemmel k\u00eds\u00e9rj\u00fck a jogszab\u00e1lyi v\u00e1ltoz\u00e1sokat, \u00edgy biztos\u00edtjuk, hogy az \u00d6n c\u00e9ge mindig naprak\u00e9sz legyen. Legyen sz\u00f3 t\u0171zv\u00e9delmi szab\u00e1lyzat elk\u00e9sz\u00edt\u00e9s\u00e9r\u0151l, munkav\u00e9delmi oktat\u00e1sr\u00f3l, vagy a sz\u00fcks\u00e9ges fel\u00fclvizsg\u00e1latok elv\u00e9gz\u00e9s\u00e9r\u0151l, csapatunk minden feladatot prec\u00edzen \u00e9s id\u0151ben elv\u00e9gez. Ezen k\u00edv\u00fcl folyamatosan t\u00e1mogatjuk partnereinket, hogy elker\u00fclj\u00e9k a b\u00edrs\u00e1gokat, \u00e9s meg\u0151rizz\u00e9k v\u00e1llalkoz\u00e1suk j\u00f3 h\u00edrnev\u00e9t.<\/p>\n\n\n\n<p>A munkahelyi balesetek \u00e9s t\u00fczek megel\u0151z\u00e9se \u00e9rdek\u00e9ben kiemelt figyelmet ford\u00edtunk arra, hogy a munkav\u00e1llal\u00f3k tiszt\u00e1ban legyenek a legfontosabb t\u0171zv\u00e9delmi \u00e9s munkav\u00e9delmi el\u0151\u00edr\u00e1sokkal, valamint a v\u00e9szhelyzetek kezel\u00e9s\u00e9vel. Munkav\u00e9delmi technikus szakembereink \u00e9s t\u0171zv\u00e9delmi szak\u00e9rt\u0151ink mindig k\u00e9szen \u00e1llnak, hogy szem\u00e9lyre szabott seg\u00edts\u00e9get ny\u00fajtsanak, \u00e9s gondoskodjanak c\u00e9ge teljes k\u00f6r\u0171 biztons\u00e1g\u00e1r\u00f3l.<\/p>\n\n\n\n<p><strong>B\u00edzza r\u00e1nk t\u0171z- \u00e9s munkav\u00e9delmi feladatait<\/strong>, \u00e9s biztos\u00edtsa dolgoz\u00f3i sz\u00e1m\u00e1ra a legjobb v\u00e9delmet! H\u00edvjon minket m\u00e9g ma, \u00e9s l\u00e9pjen vel\u00fcnk kapcsolatba, hogy seg\u00edthess\u00fcnk \u00d6nnek a legszigor\u00fabb jogszab\u00e1lyi el\u0151\u00edr\u00e1soknak val\u00f3 megfelel\u00e9sben \u00e9s a biztons\u00e1gos munkak\u00f6rnyezet megteremt\u00e9s\u00e9ben.<\/p>\n","protected":false},"excerpt":{"rendered":"<p>\u00dcdv\u00f6z\u00f6lj\u00fck a honlapunkon! C\u00e9g\u00fcnk a t\u0171z- \u00e9s munkav\u00e9delem ter\u00fclet\u00e9n ny\u00fajt \u00e1tfog\u00f3, szak\u00e9rt\u0151i szolg\u00e1ltat\u00e1sokat, hogy v\u00e1llalkoz\u00e1sa mindig a legmagasabb szint\u0171 biztons\u00e1gi \u00e9s jogszab\u00e1lyi k\u00f6vetelm\u00e9nyeknek megfelel\u0151en m\u0171k\u00f6dj\u00f6n. A t\u0171zv\u00e9delem \u00e9s munkav\u00e9delem alapvet\u0151 fontoss\u00e1g\u00fa minden munkahelyen, hiszen a megfelel\u0151 int\u00e9zked\u00e9sek biztos\u00edtj\u00e1k a dolgoz\u00f3k v\u00e9delm\u00e9t \u00e9s a munkahelyi balesetek, t\u00fczek megel\u0151z\u00e9s\u00e9t. T\u0171zolt\u00f3k\u00e9nt h\u00fasz\u00e9ves szakmai [&hellip;]<\/p>\n","protected":false},"author":1,"featured_media":0,"parent":0,"menu_order":0,"comment_status":"closed","ping_status":"closed","template":"","meta":{"footnotes":""},"class_list":["post-23","page","type-page","status-publish","hentry"],"_links":{"self":[{"href":"https:\/\/tuzrob.hu\/index.php?rest_route=\/wp\/v2\/pages\/23","targetHints":{"allow":["GET"]}}],"collection":[{"href":"https:\/\/tuzrob.hu\/index.php?rest_route=\/wp\/v2\/pages"}],"about":[{"href":"https:\/\/tuzrob.hu\/index.php?rest_route=\/wp\/v2\/types\/page"}],"author":[{"embeddable":true,"href":"https:\/\/tuzrob.hu\/index.php?rest_route=\/wp\/v2\/users\/1"}],"replies":[{"embeddable":true,"href":"https:\/\/tuzrob.hu\/index.php?rest_route=%2Fwp%2Fv2%2Fcomments&post=23"}],"version-history":[{"count":1,"href":"https:\/\/tuzrob.hu\/index.php?rest_route=\/wp\/v2\/pages\/23\/revisions"}],"predecessor-version":[{"id":24,"href":"https:\/\/tuzrob.hu\/index.php?rest_route=\/wp\/v2\/pages\/23\/revisions\/24"}],"wp:attachment":[{"href":"https:\/\/tuzrob.hu\/index.php?rest_route=%2Fwp%2Fv2%2Fmedia&parent=23"}],"curies":[{"name":"wp","href":"https:\/\/api.w.org\/{rel}","templated":true}]}}